{"id":111,"date":"2018-02-22T03:29:13","date_gmt":"2018-02-22T09:29:13","guid":{"rendered":"https:\/\/los.cascabeles.org\/?page_id=111"},"modified":"2018-03-07T22:45:44","modified_gmt":"2018-03-08T04:45:44","slug":"ueber-uns","status":"publish","type":"page","link":"https:\/\/cascabeles.org\/","title":{"rendered":"\u00dcber uns"},"content":{"rendered":"<figure id=\"attachment_76\" aria-describedby=\"caption-attachment-76\" style=\"width: 320px\" class=\"wp-caption alignright\"><img loading=\"lazy\" decoding=\"async\" class=\"wp-image-76\" src=\"https:\/\/los.cascabeles.org\/wp-content\/uploads\/2018\/02\/DSCI2044.jpg\" alt=\"\" width=\"320\" height=\"240\" \/><figcaption id=\"caption-attachment-76\" class=\"wp-caption-text\">Maisfeld mit primitivem Stacheldrahttor<\/figcaption><\/figure>\n<p>Los Cascabeles ist eine Finca &#8211; eine Anwesen &#8211; am Land, wenige Kilometer s\u00fcdlich der\u00a0 <a href=\"https:\/\/de.wikipedia.org\/wiki\/Le%C3%B3n,_Nicaragua\">Stadt Le\u00f3n<\/a> in Nicaragua, Zentralamerica.\u00a0 Das Landst\u00fcck ist Teil einer kleinen H\u00fcgelkette mit einer Erhebung von bis zu 250\u00a0Metern \u00fcber dem Meeresspiegel, dass das typische trockene Tropenklima der <a href=\"https:\/\/en.wikipedia.org\/wiki\/Le%C3%B3n_Department\">Region Le\u00f3ns<\/a> aufweist.<\/p>\n<h2>J\u00fcngste Ver\u00f6ffentlichungen<\/h2>\n<ul class=\"display-posts-listing\"><li class=\"listing-item\"><a class=\"title\" href=\"https:\/\/cascabeles.org\/index.php\/feuerbericht-20180311\/\">Feuermeldung: 20180311<\/a> <span class=\"excerpt-dash\">-<\/span> <span class=\"excerpt\">Feuer aus! Unsere Waldh\u00fcter und vier junge M\u00e4nner aus der Nachbarschaft haben von fr\u00fch am Morgen bis ein Uhr Nachmittag gearbeitet um dem Brennen schlie\u00dflich ein Ende zu bereiten. Wir hatten Gl\u00fcck, denn der Wind ist heute etwas abgeflaut. Die ganze Familie fuhr um neun Uhr fr\u00fch nach Los Cascabeles und wir konnten einen Vertreter [&hellip;]<\/span><\/li><li class=\"listing-item\"><a class=\"title\" href=\"https:\/\/cascabeles.org\/index.php\/en\/fire-report-20180311\/\">Fire report: 20180311<\/a> <span class=\"excerpt-dash\">-<\/span> <span class=\"excerpt\">Fire out! Our rangers and four young man from the neighborhood worked from early in the morning until one o&#8217;clock in the afternoon to finally put an end to the burning. We had good luck, because winds have weakened today. The whole family went to Los Cascabeles at nine in the morning and we took [&hellip;]<\/span><\/li><li class=\"listing-item\"><a class=\"title\" href=\"https:\/\/cascabeles.org\/index.php\/feuermeldung-20180310\/\">Feuermeldung: 20180310<\/a> <span class=\"excerpt-dash\">-<\/span> <span class=\"excerpt\">Heute ist der vierte Tag unseres Kampfs gegen das Feuer auf Los Cascabeles. Gestern hatte sich die Lage ein bisschen beruhigt, unser Ranger heuerten vier Jungs aus der Nachbarschaft an und durchforsteten systematisch das ganze Gel\u00e4nde um Glutnester zu finden und sie zu beseitigen. Sie schafften es alles zu l\u00f6schen bis auf einen kleinen Bereich. [&hellip;]<\/span><\/li><li class=\"listing-item\"><a class=\"title\" href=\"https:\/\/cascabeles.org\/index.php\/en\/fire-report-20180310\/\">Fire report: 20180310<\/a> <span class=\"excerpt-dash\">-<\/span> <span class=\"excerpt\">This is the fourth day we are fighting against the fire at Los Cascabeles. Yesterday things have calmed down a little bit, our rangers hired four boys from the neighborhood to make a sweep over the whole area in order to find the pockets of ember and eradicate them. They managed to close down all [&hellip;]<\/span><\/li><li class=\"listing-item\"><a class=\"title\" href=\"https:\/\/cascabeles.org\/index.php\/fire-report-20180308\/\">Feuermeldung: 20180308<\/a> <span class=\"excerpt-dash\">-<\/span> <span class=\"excerpt\">Paul &#8216;s Augen leuchteten vor Gl\u00fcck als ich im erkl\u00e4rte, er w\u00fcrde heute Nachmittag bei mir auf der Universit\u00e4t verbringen. Er hatte sich schon seit so langer Zeit gew\u00fcnscht, einmal mit dem Papa in die Arbeit mitfahren zu k\u00f6nnen. Es wurde der perfekte Nachmittag f\u00fcr ihn. Danach gab es Abendessen und ich brachte ihn auch [&hellip;]<\/span><\/li><\/ul>\n","protected":false},"excerpt":{"rendered":"<p>Los Cascabeles ist eine Finca &#8211; eine Anwesen &#8211; am Land, wenige Kilometer s\u00fcdlich der\u00a0 Stadt Le\u00f3n in Nicaragua, Zentralamerica.\u00a0 Das Landst\u00fcck ist Teil einer kleinen H\u00fcgelkette mit einer Erhebung von bis zu 250\u00a0Metern \u00fcber dem Meeresspiegel, dass das typische trockene Tropenklima der Region Le\u00f3ns aufweist. J\u00fcngste Ver\u00f6ffentlichungen<\/p>\n","protected":false},"author":2,"featured_media":0,"parent":0,"menu_order":0,"comment_status":"closed","ping_status":"closed","template":"","meta":{"mf2_syndication":[],"footnotes":""},"class_list":{"0":"post-111","1":"page","2":"type-page","3":"status-publish","5":"kind-article","6":"h-entry","7":"hentry"},"_links":{"self":[{"href":"https:\/\/cascabeles.org\/index.php\/wp-json\/wp\/v2\/pages\/111","targetHints":{"allow":["GET"]}}],"collection":[{"href":"https:\/\/cascabeles.org\/index.php\/wp-json\/wp\/v2\/pages"}],"about":[{"href":"https:\/\/cascabeles.org\/index.php\/wp-json\/wp\/v2\/types\/page"}],"author":[{"embeddable":true,"href":"https:\/\/cascabeles.org\/index.php\/wp-json\/wp\/v2\/users\/2"}],"replies":[{"embeddable":true,"href":"https:\/\/cascabeles.org\/index.php\/wp-json\/wp\/v2\/comments?post=111"}],"version-history":[{"count":7,"href":"https:\/\/cascabeles.org\/index.php\/wp-json\/wp\/v2\/pages\/111\/revisions"}],"predecessor-version":[{"id":143,"href":"https:\/\/cascabeles.org\/index.php\/wp-json\/wp\/v2\/pages\/111\/revisions\/143"}],"wp:attachment":[{"href":"https:\/\/cascabeles.org\/index.php\/wp-json\/wp\/v2\/media?parent=111"}],"curies":[{"name":"wp","href":"https:\/\/api.w.org\/{rel}","templated":true}]}}